{"id":18,"date":"2013-09-08T11:02:02","date_gmt":"2013-09-08T09:02:02","guid":{"rendered":"http:\/\/wm59.de\/?page_id=18"},"modified":"2024-08-30T13:15:48","modified_gmt":"2024-08-30T12:15:48","slug":"verein","status":"publish","type":"page","link":"https:\/\/wm59.de\/?page_id=18","title":{"rendered":"VEREIN"},"content":{"rendered":"<h1><span style=\"font-size: x-large;\"><strong>Der RV &#8222;M\u00f6ve&#8220; Schmelz e.V.\u00a0wurde 1983 gegr\u00fcndet.<\/strong><\/span><\/h1>\n<p>Die ca. 200 Mitglieder des Vereines kommen aus dem Gro\u00dfraum Schmelz, sowie den umliegenden Gemeinden.<\/p>\n<p>Unser Ziel ist es die Kinder, Jugendlichen und Erwachsenen der Region eine regelm\u00e4\u00dfige radsportliche Bet\u00e4tigung w\u00e4hrend des gesamten Jahres zu bieten. Dies findet normalerweise auf der Strasse statt. Aber auch f\u00fcr jene, die w\u00e4hrend der kalten Jahreszeit nicht an der Crosssaison im Gel\u00e4nde teilnehmen, wird ein Hallentraining angeboten.<\/p>\n<p>Schwerpunkte der Vereinst\u00e4tigkeit:<\/p>\n<ul style=\"list-style-type: circle;\">\n<li>Radtourenfahren<\/li>\n<li>Stra\u00dfenradsport<\/li>\n<li>Cross<\/li>\n<li>Mountainbike<\/li>\n<\/ul>\n<p>Die Wirkungsbereiche des Vereins liegen heute vor allem im Breitensport. Hierbei wird auch jedes Jahr eine Radtourenfahrt veranstaltet, bei der vom Anf\u00e4nger (25km) bis zum Profi (200km Rad-Marathon) alle auf ihre Kosten kommen.<\/p>\n","protected":false},"excerpt":{"rendered":"<p>Der RV &#8222;M\u00f6ve&#8220; Schmelz e.V.\u00a0wurde 1983 gegr\u00fcndet. Die ca. 200 Mitglieder des Vereines kommen aus dem Gro\u00dfraum Schmelz, sowie den umliegenden Gemeinden. Unser Ziel ist es die Kinder, Jugendlichen und Erwachsenen der Region eine regelm\u00e4\u00dfige radsportliche Bet\u00e4tigung w\u00e4hrend des gesamten &hellip; <a href=\"https:\/\/wm59.de\/?page_id=18\">Weiterlesen <span class=\"meta-nav\">&rarr;<\/span><\/a><\/p>\n","protected":false},"author":1,"featured_media":0,"parent":0,"menu_order":0,"comment_status":"closed","ping_status":"closed","template":"","meta":{"footnotes":""},"class_list":["post-18","page","type-page","status-publish","hentry"],"_links":{"self":[{"href":"https:\/\/wm59.de\/index.php?rest_route=\/wp\/v2\/pages\/18","targetHints":{"allow":["GET"]}}],"collection":[{"href":"https:\/\/wm59.de\/index.php?rest_route=\/wp\/v2\/pages"}],"about":[{"href":"https:\/\/wm59.de\/index.php?rest_route=\/wp\/v2\/types\/page"}],"author":[{"embeddable":true,"href":"https:\/\/wm59.de\/index.php?rest_route=\/wp\/v2\/users\/1"}],"replies":[{"embeddable":true,"href":"https:\/\/wm59.de\/index.php?rest_route=%2Fwp%2Fv2%2Fcomments&post=18"}],"version-history":[{"count":20,"href":"https:\/\/wm59.de\/index.php?rest_route=\/wp\/v2\/pages\/18\/revisions"}],"predecessor-version":[{"id":3012,"href":"https:\/\/wm59.de\/index.php?rest_route=\/wp\/v2\/pages\/18\/revisions\/3012"}],"wp:attachment":[{"href":"https:\/\/wm59.de\/index.php?rest_route=%2Fwp%2Fv2%2Fmedia&parent=18"}],"curies":[{"name":"wp","href":"https:\/\/api.w.org\/{rel}","templated":true}]}}